
Let g = -544 - -983. Suppose 17*j + g - 21536 = 0. What are the prime factors of j?
17, 73
Let t(h) = -1271*h + 1214. What are the prime factors of t(-20)?
2, 3, 23, 193
Let r(q) = -4*q - 2. Let d be r(-4). Suppose z - 9 + 684 = 5*g, 3*z + 135 = g. Suppose x = d + g. What are the prime factors of x?
149
Let y(r) = 115*r + 53. What are the prime factors of y(16)?
3, 631
Suppose -3*c - 2*w + 56657 = 0, 3*c - 56653 = 4*w - 8*w. What are the prime factors of c?
11, 17, 101
Suppose -5*q = 2*k - 4, -11 = -3*k + q + 12. Suppose 2060 = -k*z + 17*z. What are the prime factors of z?
2, 103
List the prime factors of 45251/3 - 502/(-1506).
2, 3, 419
List the prime factors of 28/(-4) + (7747 - (-5 + 4)).
7741
Let b = 11061 + 18464. What are the prime factors of b?
5, 1181
Let l(a) = 17*a**2 - 15*a - 30. Let b be l(-3). Suppose c + 5*o - 124 = b, 608 = 2*c + 4*o. List the prime factors of c.
2, 3, 13
Let v(n) = 3*n**3 - 15*n**2 - 37*n - 29. Let c(j) = -10*j**3 + 45*j**2 + 113*j + 88. Let b(d) = 2*c(d) + 7*v(d). List the prime factors of b(18).
3, 13
Suppose -4*g = h - 1691, 5921 = 5*h - g - 2387. What are the prime factors of h?
1663
Let r = -345 + 567. Suppose -r*m + 224*m = 864. List the prime factors of m.
2, 3
Suppose 0 = 4*s - 3*m + 323, -2*m + 7 = -3. Let q be s/(-14) + 2/4. Let o(u) = u**3 - 3*u**2 - 13*u + 3. What are the prime factors of o(q)?
3, 11
Suppose -5*z - 4*o - o = -79555, -o + 47735 = 3*z. What are the prime factors of z?
2, 3, 13, 17
Let c = 5160 - -4211. What are the prime factors of c?
9371
Let r(u) = 116*u + 44. Let b be r(7). Suppose -3*k = o - 945, 3*k = -5*o + b + 101. List the prime factors of k.
2, 157
Let d = 107 + -60. Let k = 303 + d. List the prime factors of k.
2, 5, 7
Let h = 15630 + 15643. List the prime factors of h.
11, 2843
Let y(b) = 252*b**2 + 1024*b + 6162. What are the prime factors of y(-6)?
2, 3, 5, 101
Let d(y) = 110*y - 730. What are the prime factors of d(76)?
2, 5, 7, 109
Suppose 5*x - 135847 + 41847 = 0. List the prime factors of x.
2, 5, 47
Let o(u) = 511*u - 1342. List the prime factors of o(26).
2, 1493
Let f(z) = -48*z + 102. Let w be f(3). Let s = w - -114. List the prime factors of s.
2, 3
Let d = -34973 + 55142. List the prime factors of d.
3, 83
Suppose 5*f = 2*j + 17, -4 = -30*f + 28*f - 2*j. Suppose 6*m - 7306 = -5*w + 7*m, -w + f*m = -1450. List the prime factors of w.
2, 17, 43
Let m = -49 + 56. Suppose 35 = -3*h - m. What are the prime factors of (-1308)/h - (-18)/(-42)?
3, 31
Let q(l) = 3*l**2 - 1. Let j(w) = 0*w + 0 - 42 + 5*w - 5. Let g be j(8). What are the prime factors of q(g)?
2, 73
Let g(n) = n**2 + 4*n + 1. Let z be g(-5). Suppose -z*c + 300 = -11*c. Let u = 24 - c. What are the prime factors of u?
2, 3, 7
Let y(g) = -26*g - 14*g - 9 - 24 + 26*g. Let i(t) = -7*t - 16. Let r(p) = -5*i(p) + 2*y(p). List the prime factors of r(6).
2, 7
Let c(v) = 352*v - 260. Let p(b) = -141*b + 104. Let u(s) = 5*c(s) + 12*p(s). What are the prime factors of u(4)?
2, 5, 11
Let l(f) = f**3 + f**2 - f + 1. Let y be l(-2). What are the prime factors of ((-28)/(-21) - 0)/(y/(-291))?
2, 97
Suppose 3*b - 458 = b + 4*q, -12 = 3*q. Suppose -5*r + 5*f + 1075 = 0, -1272 + b = -5*r - f. List the prime factors of r.
211
Let m(y) = y - 4. Let d be m(-25). Let h(x) = -x**3 - 26*x**2 + 63*x + 42. List the prime factors of h(d).
2, 3, 41
Let u(j) = 346*j**2 + 9*j + 10. What are the prime factors of u(5)?
5, 1741
Let k = -59 - -63. Suppose -3*n = -5*n + k*n. Suppose -5*h = 3*b - 920, -h + n*h + 191 = 2*b. List the prime factors of h.
181
Let d = -67 + 68. Suppose w - 3*c = 2 + d, 0 = 3*w + c - 49. Suppose w*i = 5*i + 1380. List the prime factors of i.
2, 3, 23
Let g(z) = -3*z**3 - 7*z**2 - 68*z - 400. List the prime factors of g(-26).
2, 7, 41, 43
Suppose 21*m + 49*m - 130052 = 9*m. What are the prime factors of m?
2, 13, 41
Suppose 0 = -73*c + 100*c - 511191. List the prime factors of c.
3, 6311
Let z be (-566)/(-3)*12/8. Let a be 1 + -4 + (z - 12). Suppose 6*i = 4*i + a. List the prime factors of i.
2, 67
Let t = 45 - 48. Let a(y) = 8*y**3 + 5*y**2 + 3*y + 2. Let p be a(t). Let f = -101 - p. List the prime factors of f.
7, 11
Let a = 11725 - 7116. What are the prime factors of a?
11, 419
Let n = 206 + -206. Suppose -11*h + 8*h + 5154 = n. List the prime factors of h.
2, 859
Let n(k) = k**3 - 6*k**2 - 6*k. Let u be n(7). Suppose -6210 = -8*x - u*x. List the prime factors of x.
2, 3, 23
Suppose 2*h = 2*m - 4560, 24*m - 22*m - 4570 = 4*h. Suppose n = 5*a - 1547, 5*a + 3*n + 736 = m. List the prime factors of a.
3, 103
Let d be 12*(-3)/6 - -419. Let o = 247 + d. List the prime factors of o.
2, 3, 5, 11
Let l = -361 - -724. Let n = l - 171. Let j = -56 + n. List the prime factors of j.
2, 17
Suppose -47*d - d + 314341 = 31*d. What are the prime factors of d?
23, 173
Suppose 4313*d - 781464 = 4289*d. What are the prime factors of d?
32561
Let q be 1/((3 - 4)/(-1)). Let w be 101 + 6/2 + q. Let t = w + -22. List the prime factors of t.
83
Let l(a) = 8*a - 9. Let g be ((-3)/3)/((-1)/4). Let r be l(g). Let c = r - -14. List the prime factors of c.
37
Let o = -20025 + 34942. List the prime factors of o.
7, 2131
Let m = 11313 - 4850. What are the prime factors of m?
23, 281
Let n(p) be the third derivative of 41*p**4/24 + 67*p**3/3 - 101*p**2. List the prime factors of n(9).
503
Let r = -43497 - -92665. List the prime factors of r.
2, 7, 439
Let h = 51 + -55. Let z(s) = -s**2 + 20*s + 8. Let w(i) = i**2 - 19*i - 8. Let b(l) = h*w(l) - 3*z(l). What are the prime factors of b(14)?
2, 3
Suppose -26*b - 369 = 489. What are the prime factors of -2 - 2 - 26301/b?
13, 61
Let f(x) be the second derivative of 13/12*x**4 + 0 - 2*x**3 - 46*x - 1/20*x**5 + 8*x**2. List the prime factors of f(9).
2, 29
Suppose -7*m + 889 = -6*m. Suppose 5*g - 1821 = m. List the prime factors of g.
2, 271
Let a(i) = -5*i**2 + 26*i + 546 + 2*i**3 - 550 + i**3. Let z be a(8). Suppose 0*g + 10*g = z. What are the prime factors of g?
2, 71
What are the prime factors of (-4*3/8)/((-63)/946344)?
2, 43, 131
Let l(y) = 277*y**2 + y - 1. Let x be l(1). Suppose 3366 = -16*v - v. Let w = x + v. List the prime factors of w.
79
Let f(y) = y**3 + 23*y**2 + 36*y + 352. What are the prime factors of f(-11)?
2, 11
Let y(w) = -w**2 - 10*w - 14. Let g be 1/1*49/28*-4. Let p be y(g). Suppose 0 = n - p*n + 1080. List the prime factors of n.
2, 3, 5
Let c = 16748 + -11362. List the prime factors of c.
2, 2693
Let a = -7 - -18. Suppose 122*x - 441 - 2100 = 129*x. List the prime factors of (-5592)/(-22) + a/(x/6).
2, 127
Let n(b) = 7*b - 52. Let h be n(8). List the prime factors of h/10 + 9367/95.
3, 11
Suppose -h + b + 1 = 0, 2*b = -3*h - h + 22. Suppose 4*g - 4 = -h*d, g + 31 = -4*g + 4*d. List the prime factors of (12/64*52)/(g/(-8)).
2, 13
Suppose -10*d = 84*d - 648600. List the prime factors of d.
2, 3, 5, 23
Let s(p) = -p**3 - 15*p**2 - 2*p - 30. Let o be s(-13). Let n = 881 + o. What are the prime factors of n?
7, 11
Let z(h) = -h**3 - h**2 + 3*h + 4. Let k = -85 - -61. Let s = k + 22. What are the prime factors of z(s)?
2
Let x be 21/(-3) + 1 + 1. List the prime factors of (-24)/40*x + 11*16.
179
Suppose 0 = 5*p - 10, 5*b + 3*p - 38038 = 44308. List the prime factors of (36/(-15))/(-4 + b/4120).
2, 103
Let r be -6 - -3 - (-24 + 2). Let q(y) = 2*y**3 - 25*y**2 - 32*y + 20. Let t be q(14). Let l = t + r. List the prime factors of l.
179
Let b = 37927 - 7939. What are the prime factors of b?
2, 3, 7, 17
Suppose -4*b = -5*b - 28. Let a = -25 - b. List the prime factors of ((-4)/(-1) - a)*95.
5, 19
Suppose -k = -4*g + 13037, -8*k + 9*k = -5. List the prime factors of g.
2, 3, 181
Suppose 105*j + 18536 = 91*j. List the prime factors of j/(2 + (-100)/30).
3, 331
Suppose 792*p - 78467 = 774*p + 200641. List the prime factors of p.
2, 7753
Let t(p) = 2*p**3 + 60*p**2 - 83*p - 60. What are the prime factors of t(-25)?
3, 5, 19, 29
Let s = -4136 + 14557. What are the prime factors of s?
17, 613
Suppose -8*z = 97 - 89. What are the prime factors of (-79 + 81)/(z/(-765))?
2, 3, 5, 17
Let b(o) be the third derivative of o**7/720 + o**6/60 - 13*o**5/60 + 15*o**2. Let y(a) be the third derivative of b(a). What are the prime factors of y(21)?
3, 53
Suppose -37*n + 83*n + 31184 = 48*n. List 